 36 and n.
12
Let q(x) = 45*x**3 - 4*x**2 + 6. Let a be q(2). Let p be 600/a*(2 + 3/2). Suppose 0*w - 144 = -3*w. What is the greatest common factor of w and p?
6
Let t = -146 - -644. Calculate the highest common divisor of t and 1079.
83
Let g = 580 + -580. Suppose g = -8*u + 292 + 220. Let i = -19 + 35. Calculate the greatest common factor of u and i.
16
Let x be (27/(-12))/((-12)/(-32)*-1). Suppose -d - 4*t - 12 = 0, -5 + 1 = -3*d - 4*t. Calculate the greatest common divisor of d and x.
2
Let x(o) = -o**2 - 2642*o + 3824. Let k be x(0). What is the highest common divisor of k and 2629?
239
Suppose -20*k - 4*k = -8064. Suppose 0 = -9*j + k - 219. Calculate the greatest common divisor of 247 and j.
13
Let v = 2197 - 2176. Suppose 0 = -4*j + 7 + 5. Suppose g + 13 = 2*p - 4*g, 0 = 5*p - j*g - 61. What is the highest common divisor of v and p?
7
Suppose 33*j + 51442 = -23*j + 171562. Calculate the greatest common factor of j and 156.
39
Suppose 4*d = 2*m - 311 + 139, 170 = 2*m - 5*d. What is the highest common factor of 125 and m?
5
Let i be (0 + 33*(-18)/15)*-5. Calculate the highest common factor of 5676 and i.
66
Suppose -3566 = -3*u - c - 468, 5*c = -5*u + 5150. What is the greatest common divisor of u and 1410?
94
Let j(b) = -2*b - 6. Let d be j(-9). Suppose -18*k = -34 - 74. What is the highest common factor of d and k?
6
Let g be (-5)/((-240)/584) + (-1)/6. Let c(v) = -v**2 - 14*v - 3. Let z be c(-8). Calculate the greatest common factor of g and z.
3
Let c(x) = -x**3 + 22*x**2 + 20*x + 91. Let s be c(23). Suppose 0 = -s*j + 5*j + 170. Calculate the greatest common factor of 190 and j.
10
Let g be (((-66)/(-7))/(150/(-140)))/(2/(-50)). What is the greatest common factor of 10780 and g?
220
Suppose 32 = 4*y - 3*p, 3*p = -2*y - 0*y - 2. Suppose y*b - 391 = -k + 167, -5*b - 2*k = -556. Calculate the highest common factor of 168 and b.
56
Let p = 2528 + -2477. What is the greatest common factor of p and 17?
17
Let s = 680 - 68. What is the highest common divisor of 48 and s?
12
Let i(l) = -l**2 + l. Let k(c) = -c**3 + 18*c**2 + 4*c - 1. Let u(n) = 4*i(n) - k(n). Let w be u(22). What is the highest common factor of 1 and w?
1
Suppose 2*p - 5 + 3 = 0. Let u be 246/(-82) + (12 - (-1 + p)). What is the greatest common factor of 12 and u?
3
Suppose -2*w = -2*t - 4*w + 42, 0 = 3*t + 2*w - 68. Let y = t + -21. Suppose -p = 4*a + a + 23, -y*p + 20 = -2*a. What is the highest common factor of p and 22?
2
Let o = 1845 + -1689. Calculate the greatest common factor of 364 and o.
52
Suppose -5*s = 5*q - 1885, 2542 = 7*s - 2*q - 124. What is the highest common factor of 8 and s?
4
Let f(l) = 8*l**2 - 8*l - 256. Let i be f(-24). Calculate the greatest common divisor of 64 and i.
64
Suppose -c = -5*w + 8 - 2, 2*w - 24 = -5*c. Suppose -w*u - 304 = -4*u - o, -152 = -u - 5*o. Calculate the highest common factor of u and 8.
8
Let i(h) = -17*h**2 - 25*h - 55. Let b(p) = 8*p**2 + 11*p + 28. Let z(r) = 13*b(r) + 6*i(r). Let d be z(6). Calculate the greatest common factor of d and 112.
16
Let f = -3265 + 3301. What is the greatest common divisor of 1854 and f?
18
Let k be 222/(-3 + (-840)/(-266)). Calculate the greatest common factor of k and 962.
74
Let z(w) = -w**2 + 9*w - 8. Let k be z(4). Suppose -13*r + 5*r + 384 = 0. What is the highest common factor of k and r?
12
Let i(t) = -28*t + 64. Let m be i(-1). Suppose 2*z = -z + 12, 4*z + 380 = 4*y. Let d = y - m. Calculate the greatest common divisor of d and 7.
7
Suppose -p + 828 = 3*f, p - 3*f - 4140 = -4*p. Suppose 10650*r = 10646*r + 72. What is the greatest common divisor of r and p?
18
Suppose -130*b + 81624 = -149*b. Let v(l) = -4*l + 3. Let t be v(-3). Let y be -1 + ((-3)/(-5) - b/t). Calculate the greatest common factor of 26 and y.
26
Let t be 74*1*(-11)/(44/8). Let k = 184 + t. Let c(z) = z + 2. Let n be c(2). Calculate the greatest common factor of k and n.
4
Let j be 1 - (0 + 1 + 6*13). Let f = j + 77. Let n(i) = -i. Let q be n(f). Calculate the greatest common factor of 2 and q.
1
Let p(d) be the third derivative of d**6/120 - 11*d**5/60 + 3*d**4/4 + d**3/6 - 2*d**2 + 38. Let x be p(9). Calculate the greatest common divisor of 86 and x.
1
Suppose -u = -3*i - 54701, 27*u = 22*u - 7*i + 273527. Calculate the greatest common divisor of u and 208.
208
Let z(g) = 87*g**3 + 8*g - 19. Let w be z(2). Calculate the greatest common divisor of 72 and w.
9
Suppose 0 = -4*x - 5*g + 165, -5*x + 46 = 2*g - 139. What is the greatest common divisor of 3955 and x?
35
Let y be ((-238)/153)/((-6)/27). Suppose -y*b = 81 - 963. Let q be ((-6)/(-4))/(1/6). Calculate the highest common factor of q and b.
9
Let p be -568 + (1 - -5) + 0. Let m = -523 - p. What is the highest common factor of m and 819?
39
Let m(g) = 20*g**2 + 10*g + 28. Let p be m(-6). Calculate the greatest common factor of 16 and p.
16
Suppose -3*v = -0*b + 5*b - 465, 0 = 3*v - b - 483. Calculate the highest common divisor of v and 496.
16
Suppose 0 = 13*v + 12*v. Suppose 3*f - 125 - 16 = v. Calculate the highest common divisor of 1 and f.
1
Suppose 3*w + 4 = -2, -2*i - w + 32 = 0. Let h be (-17836)/(-42) + (-34)/(-51) + (-2)/6. What is the highest common divisor of i and h?
17
Let k = -16732 - -18121. Calculate the greatest common factor of 3 and k.
3
Suppose -110 = -9*r + 385. Suppose -5*h - 2*y = -383, h - 4*y - 117 = -36. What is the highest common factor of h and r?
11
Let a = 15 + -8. Let t = -4 + a. Suppose -4*l - 50 = -3*u - 32, 3*l + 6 = u. Calculate the greatest common divisor of u and t.
3
Let l = -32 - 139. Let c = 315 + l. What is the greatest common divisor of c and 16?
16
Suppose 10*o + 1570 + 200 = 0. Let k = o + 191. Calculate the highest common divisor of 238 and k.
14
Let p = 961 + -387. What is the greatest common factor of p and 56?
14
Let p = 4106 - 2418. Calculate the highest common factor of 16 and p.
8
Suppose 161*o + 10 = 160*o. Let m be (10/(-75)*o)/(4/1110). Calculate the highest common divisor of 111 and m.
37
Let h = 86 + -70. Suppose -h*w + 1683 = w. Calculate the highest common factor of w and 45.
9
Let z = 5171 + -5047. What is the highest common divisor of 6386 and z?
62
Suppose 701 = 9*o + 647. Suppose -o*r + 2*g + 196 = -2*r, 3*r - 158 = -4*g. Calculate the highest common divisor of r and 10.
10
Let v = 23 + -35. Let o be (v/5)/((-6)/40). Suppose 2*t = -3*a + 18, a - 3*t = 2*t - 28. What is the greatest common factor of a and o?
2
Let g(i) = -i**2 + 361*i - 1400. Let d be g(4). Let x = -210 + 518. Calculate the greatest common divisor of d and x.
28
Let i = -144 + 134. Let q(n) = n**3 + 11*n**2 - 5*n - 12. Let y be q(i). Calculate the greatest common divisor of 92 and y.
46
Let a(z) = -176 - 8*z**2 + 3*z**2 + 2*z**2 + 4*z**2 - 16*z + 7*z. Let w be a(20). What is the highest common divisor of w and 286?
22
Let q be (-3)/(-15) - 1197/(-15). Suppose 29 = 4*m - 4*b - 59, 4*m = -4*b + q. What is the highest common divisor of m and 63?
21
Let a = -41 - 43. Let t = -74 - a. Let g = -14 + 18. What is the greatest common divisor of g and t?
2
Let c be (-1 + 11/(-4))/((-14)/(-56))*-1. What is the greatest common factor of c and 135?
15
Let b(w) = -8*w - 108. Let o be b(-14). Suppose -3*x = 4*j - 68, -o*j + 0*j = 4. What is the highest common factor of 36 and x?
12
Let y be (63/6)/(-1)*(-15879)/(-1106)*-4. Calculate the highest common factor of 2546 and y.
67
Let n be (25183/1)/((-34)/(-12)) + 278/(-2363). Calculate the greatest common factor of n and 176.
88
Let j be (5 - (-30015)/18)*(-34)/(-15)*18. What is the greatest common divisor of j and 306?
306
Let q(c) = -c**3 + 11*c**2 - 14*c - 14. Let o be q(7). Let j = 85 - o. Calculate the greatest common divisor of j and 8.
1
Suppose -5*o = 2*t - 11287 - 1765, -2 = -2*t. What is the greatest common factor of 270 and o?
90
Suppose -4*g - h + 628 = 0, -5*g + 2*h + 785 = h. Suppose 0 = o + 1 - g. What is the highest common divisor of 117 and o?
39
Let y = 11 + 35. Suppose 3*l = 4*q - 0*l + 81, -4*q - 121 = 5*l. Let o be (-694)/(-6) - (-16)/q. What is the highest common divisor of o and y?
23
Suppose -936*a = -943*a + 4543. What is the highest common factor of a and 44?
11
Suppose a + 1 = b, 3*a + 22 = -3*b - 5. Let y be (-2937)/(-15) + (-1)/a. Calculate the highest common divisor of 